*f, b - 2 = k*b. Is f a composite number?
True
Suppose 7995181 = 63*x + 78*x - 122*x. Is x a composite number?
False
Let k(b) = 218*b**2 + 39*b + 110. Is k(9) prime?
True
Let t = 46 + -76. Is (-419)/(2*-1 + (-54)/t) a composite number?
True
Let u be ((5/2)/(-5))/(1/8). Let v = -17 - u. Is (1 - -306)*(v - -15) prime?
False
Let y be 14/(420/(-18)) - (-34)/(-10). Is (y*(-6)/(-72))/(1/(-2703)) a composite number?
True
Suppose -14*g + 12 = -18*g. Let q be (-2 - 1)*(-190 + g). Is q/(1/(-5)*-3) composite?
True
Suppose 111*v - 108*v - 21993 = 0. Is v composite?
False
Let r be 1*5 + (29 - -116). Let k = 1928 + r. Is k a composite number?
True
Let b(w) = -w**2 + 102*w - 574. Let v be b(6). Suppose -4*r + 1 = 3*f - 13, 0 = -3*r - 3*f + 12. Suppose -v*g - r*z = -0*z - 438, 4*z + 16 = 0. Is g composite?
False
Let n be 38*(-2)/(-6) - 13/(-39). Suppose 3*m = 2*w + m - 2, 0 = -3*w + 5*m + n. Is 2 + (w - -4) - -351 a prime number?
True
Suppose -5*b + 3*k + 38 = 0, -5*k - 24 + 4 = -4*b. Suppose b = 5*m, 3*m + 9 = l - m. Is (l/(-51))/((-1)/1137) composite?
False
Let h(q) = q**2 + 5*q - 30. Let m be h(-9). Let t be (8/3)/(-1)*387/m. Let o = 565 - t. Is o composite?
True
Let l(q) = 1200*q - 587. Is l(62) prime?
False
Let w(j) = 21*j**2 + 11*j - 1. Let n be (15/9)/(10/12). Let t be (0 - n) + 36/(-6). Is w(t) a prime number?
False
Is (-7)/(-2) + (-665097)/(-94) prime?
True
Suppose 7*h = 9*h + 3816. Let u = h - -3665. Is u a composite number?
True
Suppose 39*r + 51170 = 29*r. Let t = r - -7246. Is t composite?
False
Let j = -18051 - -34714. Is j composite?
True
Let j = -1246 + 1943. Suppose -2974 = 696*t - j*t. Is t a prime number?
False
Suppose 2*b + 2*f - 40 = 3*b, -2*b - 72 = -2*f. Let c = b + 6. Is (-4)/c - 49422/(-26) a prime number?
True
Let f(k) = 245*k**3 - 3*k**2 + 4*k - 2. Let w be f(2). Suppose 4*o - w - 4114 = 0. Is o a composite number?
True
Suppose -26922 - 145552 = -4*j + 334002. Is j composite?
True
Let f = 276 - 284. Let u(n) = -7*n**3 + 12*n**2 + 2*n - 9. Is u(f) prime?
True
Let y(a) = 7237*a**2 + 255*a - 1293. Is y(5) a composite number?
False
Suppose 94 + 312 = -7*o. Let z be o/((-3)/6 - 0). Suppose 5*c + z = 1231. Is c a prime number?
True
Suppose -p + 3*k - 29 = -2*p, 6 = -3*k. Let t = 26 - p. Is (-2)/t + (-1939)/(-63) prime?
True
Suppose 0 = -10*s - 2*s + 1356. Is (19 + 4)/(1/s) prime?
False
Suppose -4*w + 314 + 126 = 0. Let n(x) = 3 - 8 - 2*x**2 + w*x**3 + 6. Is n(1) composite?
False
Let j(b) be the first derivative of 40*b**3/3 - b**2/2 + 4*b + 7. Let d be j(-3). Suppose 2*n + 3*h = d, -2*n - 4*h - 593 = -5*n. Is n a prime number?
True
Let a(y) = 0 + 219*y + 16 - 3 + 957*y. Is a(3) a prime number?
True
Suppose -106893 = 186*q - 195*q. Let r = q + -706. Is r a prime number?
True
Let b(n) be the first derivative of 2303*n**2/2 - 23*n + 36. Is b(2) prime?
True
Let f be ((-2)/(-6))/1*1389. Suppose 0 = -148*i + 141*i. Suppose -3*a + f + 1070 = i. Is a a prime number?
False
Is 2/(-14) - -1 - 4/((-308)/66334741) a prime number?
True
Let x(o) = -22*o**2 + 31*o + 127. Let k be x(-16). Let g = k - -14162. Is g composite?
False
Let n(m) = m**3 + 3*m**2 - m + 7. Let g be n(-4). Let s(q) = -13*q**3 - 2*q**2 + 3*q + 8. Let o be s(g). Let z = 2845 - o. Is z a composite number?
False
Suppose 0 = -b - 4*b + 3420. Let j be (41 - 41)/(-7 + -4). Suppose -5*x = 5*p - 1180, -3*x + b = -j*p - 5*p. Is x a composite number?
False
Let k be (-2)/4*(0 - 3708/3). Suppose -1859 = -0*s - 3*s - 4*h, k = s + h. Suppose 0 = -4*y + 1383 + s. Is y a prime number?
True
Is 2/4 + (-1)/((-54)/14737797)*3 prime?
False
Suppose 93*t - 72*t = 25998. Let z = t - 673. Is z a prime number?
False
Let y = -57 - 6. Let b = y - -74. Suppose b*c = 841 + 12502. Is c a composite number?
False
Let m be (2 + (-83 - 2))*1. Let i be 10/40 + m/(-4). Let b(l) = 119*l - 62. Is b(i) a composite number?
False
Let b = -183722 - -265213. Is b composite?
True
Suppose 0 = -o - 0*o - 4. Let h(z) = 2*z**2 + 176*z + 6. Let n be h(-88). Is ((-118)/o)/(n/12) composite?
False
Let m(t) = 7000*t**3 - t**2. Let h be (-1)/(-1) - 4/(-28)*0. Let o be m(h). Suppose 10*i - 9*i = o. Is i a composite number?
True
Let n = -923982 + 1328231. Is n composite?
False
Suppose -17*u - 30*u - 94 = 0. Is u/(-8) + 3670625/140 composite?
True
Suppose 11*z = 15*z - 12. Let f(y) = -53 + 9*y + 74 + z*y. Is f(15) a prime number?
False
Let g = 13 + 83. Suppose -2*y - r - 21 - 19 = 0, 0 = 4*y - 2*r + g. Is 18/99 - (42690/y)/3 a composite number?
False
Suppose -12 = 4*f, -5*m + 0*f = -f - 48. Let n(i) = i**3 + 16*i - 9*i**2 + 0*i**3 - 22 - 5*i. Is n(m) a prime number?
False
Let w(o) = o**3 - 6*o**2 - 26*o + 11. Suppose -9*r + 187 - 43 = 0. Is w(r) prime?
False
Suppose 61*a - 5*o - 3222173 = 58*a, 5*a - 3*o - 5370299 = 0. Is a prime?
True
Suppose 34*s - 1572849 = 889873. Is s a prime number?
False
Let v = 68 - -93. Let x = v - 43. Is x prime?
False
Let q = 79 + -63. Is (-1)/(-4) + -2*(-26182)/q a composite number?
True
Let m(y) = -y**3 + 21*y**2 - 55*y - 35. Let g(d) = -3*d**3 + 62*d**2 - 165*d - 106. Let k(i) = -4*g(i) + 11*m(i). Is k(32) prime?
True
Suppose -25 = 34*d - 29*d. Let z be 4 + (1/3)/(d/15). Suppose -l - z*l + 2732 = 0. Is l a composite number?
False
Suppose -4898277 = -3*f - 4*h, 11*h - 8163829 = -5*f + 10*h. Is f a composite number?
False
Suppose s + 1611 = l, 4*l = -l - s + 8037. Suppose -l - 705 = -3*n. Let y = n + -398. Is y a prime number?
True
Suppose 0 = 6*o + 211 + 269. Let s = 248 - o. Let x = s + -91. Is x a prime number?
False
Suppose 2*p = 3*c + 1586 + 4888, -2*c + 9724 = 3*p. Suppose 0 = -11*o - p + 11072. Let g = -375 + o. Is g composite?
False
Let i(h) = -h**2 - 5*h - 6. Let v be i(-3). Let b be (-32)/(-48)*(v + -9). Is (-42090)/(-22) - b/(-33) prime?
True
Is (231/231)/(2/99894) a composite number?
True
Is (-5)/(-10)*(153565 - 23) prime?
True
Suppose -4*a - 25*k = -23*k + 292, 5*k - 278 = 4*a. Is (a/(-21))/(-12) - (-20575)/7 prime?
True
Let l be 2 + 1 + 0*(-2)/8. Suppose 0 = l*t - 9*t + 12. Suppose -5*a + 2*x + 3113 = -0*x, 3*a + t*x - 1871 = 0. Is a a composite number?
True
Let x(l) = l - 4. Let v be x(4). Suppose 19*k - 15*k - 9836 = v. Suppose -1350 - k = -y. Is y a prime number?
False
Suppose 0 = -u + v + 694, 2*u - 1396 = 3*v + v. Let d = -453 + u. Is d prime?
False
Suppose 0 = 2*c - 2*b + 4, -2*b = -5 + 1. Suppose 36 = 6*l - c. Is (7/(-9) - l/27) + 2334 a prime number?
True
Let i(g) = 384*g + 11. Let k be i(-4). Let q = k + 2156. Is q a prime number?
True
Suppose -5*a + d + 7 = 0, 5*a + d - 16 = -d. Let o = -2547 + 2547. Suppose -2*u = -5*k - 9284, o*k + a*k = u - 4641. Is u prime?
True
Suppose -5*a - z + 27 = 6, a - 13 = 2*z. Let k = -2653 - -5369. Suppose -a*i + k = -i. Is i a prime number?
False
Let x = 439489 - 151698. Is x prime?
False
Is (72591/(-21))/((-1)/7) prime?
True
Let v = 50 - 46. Suppose -12*u - 3685 = -i - 8*u, v*u - 12 = 0. Is i prime?
True
Suppose y + 0*w = 2*w + 22, 0 = y - 5*w - 13. Let s = -20 + y. Suppose s*v - 675 = 373. Is v a composite number?
False
Let r(k) = 34*k**3 + 3*k**2 - 3*k + 1. Let y be r(-3). Suppose 2 = j, 0 = -4*f - 5*j + j + 5120. Let u = y + f. Is u a composite number?
False
Let n be (0 - (-58)/4) + (-1)/2. Suppose 6 = 12*s - n*s. Is 187/((-12)/s - 3) a composite number?
True
Is (-953043)/(-455)*70/6 prime?
False
Suppose 0 = -51*k + 55*k + 2*c - 658762, 4*c - 658776 = -4*k. Is k composite?
True
Suppose 5*y + 179 = g - 982, -5*g - 2*y = -5832. Suppose -2*i = d - 399, 4*i - 408 = 2*d - g. Is d a prime number?
True
Suppose 5*t = 5*b + 175, 0*b + 3*t + 168 = -4*b. Let k be 24/(-2)*8021/b. Suppose 3*z = -2*m + k - 103, 4*m + z = 4745. Is m a composite number?
False
Let v = -19 - -23. Let p(n) = 102*n - 1. Is p(v) composite?
True
Let y be 433730/(0 - -5) + -6. Suppose -13*v = -9*v - y. Is v composite?
True
Let g(b) = -b**2 - 30*b + 3. Let n be g(-30). Suppose 0 = -2*i + n*c + 2302, -c = -2*c. Is i a composite number?
False
Suppose -5*d = 214 - 259. Suppose 7*i = d*i - 5158. Is i a composite number?
False
Suppose -3*c - 5 = -c + 5*q, 4*c - 23 = q. Suppose 5*o - 11146 + 1146 = -c*u, -5*o + 9968 = -3*u. Suppose b - 6825 = -o. Is b a composite number?
True
Let w = 15022 + 48465. Is w a composite number?
False
Let c(k) = 13631*k**2 + 15*k + 85. Is c(6) a prime number?
True
Le